{"id":1121,"date":"2020-04-28T15:04:10","date_gmt":"2020-04-28T15:04:10","guid":{"rendered":"http:\/\/mosgliwice.pl\/?page_id=1121"},"modified":"2024-09-09T08:46:58","modified_gmt":"2024-09-09T08:46:58","slug":"zdalne-nauczanie-2","status":"publish","type":"page","link":"https:\/\/mosgliwice.pl\/?page_id=1121","title":{"rendered":"E &#8211; DZIENNIK"},"content":{"rendered":"\n<figure class=\"wp-block-image size-full\"><img loading=\"lazy\" decoding=\"async\" width=\"318\" height=\"159\" src=\"https:\/\/mosgliwice.pl\/wp-content\/uploads\/2023\/09\/vulcan.jpg\" alt=\"\" class=\"wp-image-1758\" srcset=\"https:\/\/mosgliwice.pl\/wp-content\/uploads\/2023\/09\/vulcan.jpg 318w, https:\/\/mosgliwice.pl\/wp-content\/uploads\/2023\/09\/vulcan-300x150.jpg 300w\" sizes=\"auto, (max-width: 318px) 100vw, 318px\" \/><\/figure>\n\n\n\n<p><br><strong>Link do dziennika elektronicznego:<\/strong> <a href=\"https:\/\/uonetplus.vulcan.net.pl\/gliwice \">https:\/\/uonetplus.vulcan.net.pl\/gliwice <\/a><\/p>\n\n\n\n<p>Rodzicu, otrzyma\u0142e\u015b dost\u0119p do dziennika elektronicznego Uczniowie Optivum NET+ (UONET+).<br>Aby zobaczy\u0107 informacje o swoim dziecku:<\/p>\n\n\n\n<ol class=\"wp-block-list\">\n<li>W pasku adresu przegl\u0105darki internetowej wpisz adres dziennika elektronicznego:<br><a href=\"https:\/\/uonetplus.vulcan.net.pl\/gliwice\">https:\/\/uonetplus.vulcan.net.pl\/gliwice<\/a><br>Kliknij przycisk Zaloguj si\u0119.<\/li>\n\n\n\n<li>Nast\u0119pnie kliknij przycisk Za\u0142\u00f3\u017c konto, a nast\u0119pnie wpisz adres e-mail, kt\u00f3ry poda\u0142e\u015b wychowawcy.<\/li>\n\n\n\n<li>Zaznacz opcj\u0119 Nie jestem robotem i kliknij przycisk Wy\u015blij wiadomo\u015b\u0107.<\/li>\n\n\n\n<li>Sprawd\u017a skrzynk\u0119 swojej poczty elektronicznej. Przeczytaj wiadomo\u015b\u0107 i kliknij link podany w tre\u015bci, aby nada\u0107 w\u0142asne has\u0142o.<\/li>\n\n\n\n<li>Wprowad\u017a nowe has\u0142o, kt\u00f3rym b\u0119dziesz si\u0119 pos\u0142ugiwa\u0142, zaznacz opcj\u0119 Nie jestem robotem i kliknij przycisk Ustaw nowe has\u0142o.<\/li>\n\n\n\n<li>Od tego momentu mo\u017cesz logowa\u0107 si\u0119 do systemu, korzystaj\u0105c z adresu e-mail i ustalonego przez siebie has\u0142a.<\/li>\n\n\n\n<li>Przegl\u0105daj informacje o swoim dziecku, otwieraj\u0105c poszczeg\u00f3lne zak\u0142adki. Informacje na temat poruszania si\u0119 w programie znajdziesz na zak\u0142adce Pomoc.<br>Dziennik elektroniczny Uczniowie Optivum NET+ zosta\u0142 wyprodukowany przez firm\u0119 VULCAN sp. z o.o.<\/li>\n<\/ol>\n","protected":false},"excerpt":{"rendered":"<p>Link do dziennika elektronicznego: https:\/\/uonetplus.vulcan.net.pl\/gliwice Rodzicu, otrzyma\u0142e\u015b dost\u0119p do dziennika elektronicznego Uczniowie Optivum NET+ (UONET+).Aby zobaczy\u0107 informacje o swoim dziecku:<\/p>\n","protected":false},"author":1,"featured_media":0,"parent":0,"menu_order":0,"comment_status":"closed","ping_status":"closed","template":"","meta":{"footnotes":""},"class_list":["post-1121","page","type-page","status-publish","hentry"],"_links":{"self":[{"href":"https:\/\/mosgliwice.pl\/index.php?rest_route=\/wp\/v2\/pages\/1121","targetHints":{"allow":["GET"]}}],"collection":[{"href":"https:\/\/mosgliwice.pl\/index.php?rest_route=\/wp\/v2\/pages"}],"about":[{"href":"https:\/\/mosgliwice.pl\/index.php?rest_route=\/wp\/v2\/types\/page"}],"author":[{"embeddable":true,"href":"https:\/\/mosgliwice.pl\/index.php?rest_route=\/wp\/v2\/users\/1"}],"replies":[{"embeddable":true,"href":"https:\/\/mosgliwice.pl\/index.php?rest_route=%2Fwp%2Fv2%2Fcomments&post=1121"}],"version-history":[{"count":16,"href":"https:\/\/mosgliwice.pl\/index.php?rest_route=\/wp\/v2\/pages\/1121\/revisions"}],"predecessor-version":[{"id":1909,"href":"https:\/\/mosgliwice.pl\/index.php?rest_route=\/wp\/v2\/pages\/1121\/revisions\/1909"}],"wp:attachment":[{"href":"https:\/\/mosgliwice.pl\/index.php?rest_route=%2Fwp%2Fv2%2Fmedia&parent=1121"}],"curies":[{"name":"wp","href":"https:\/\/api.w.org\/{rel}","templated":true}]}}