{"id":20,"date":"2016-03-12T21:35:02","date_gmt":"2016-03-12T21:35:02","guid":{"rendered":"http:\/\/mosgliwice.pl\/?page_id=20"},"modified":"2024-03-18T14:59:07","modified_gmt":"2024-03-18T14:59:07","slug":"dokumenty","status":"publish","type":"page","link":"https:\/\/mosgliwice.pl\/?page_id=20","title":{"rendered":"DOKUMENTACJA"},"content":{"rendered":"<p><a href=\"https:\/\/mosgliwice.pl\/wp-content\/uploads\/2024\/03\/Aneks-do-regulaminu.pdf\">AKEKS DO REGULAMINU PLAC\u00d3WKI 2024<\/a><\/p>\n<p><a href=\"https:\/\/mosgliwice.pl\/wp-content\/uploads\/2020\/04\/Zmiana-do-Statutu-ocenianie-2020-1.pdf\">ZMIANA DO STATUTU &#8211; OCENIANIE 2020<\/a><\/p>\n<p><a href=\"https:\/\/mosgliwice.pl\/wp-content\/uploads\/2016\/03\/Statut-2016.pdf\" rel=\"\">STATUT<\/a><\/p>\n<p><a href=\"https:\/\/mosgliwice.pl\/wp-content\/uploads\/2016\/03\/WSO.zip\">WEWN\u0104TRZSZKOLNY SYSTEM OCENIANIA<\/a><\/p>\n<p><a href=\"https:\/\/mosgliwice.pl\/wp-content\/uploads\/2018\/11\/PWP-2018.pdf\">PROGRAM WYCHOWAWCZO-PROFILAKTYCZNY<\/a><\/p>\n<p><a href=\"https:\/\/mosgliwice.pl\/wp-content\/uploads\/2019\/06\/Procedury-i-regulaminy-MOS.zip\">PROCEDURY I REGULAMINY OBOWI\u0104ZUJ\u0104CE W MOS\u00a0<\/a><\/p>\n","protected":false},"excerpt":{"rendered":"<p>AKEKS DO REGULAMINU PLAC\u00d3WKI 2024 ZMIANA DO STATUTU &#8211; OCENIANIE 2020 STATUT WEWN\u0104TRZSZKOLNY SYSTEM OCENIANIA PROGRAM WYCHOWAWCZO-PROFILAKTYCZNY PROCEDURY I REGULAMINY OBOWI\u0104ZUJ\u0104CE W MOS\u00a0<\/p>\n","protected":false},"author":1,"featured_media":0,"parent":0,"menu_order":0,"comment_status":"closed","ping_status":"closed","template":"","meta":{"footnotes":""},"class_list":["post-20","page","type-page","status-publish","hentry"],"_links":{"self":[{"href":"https:\/\/mosgliwice.pl\/index.php?rest_route=\/wp\/v2\/pages\/20","targetHints":{"allow":["GET"]}}],"collection":[{"href":"https:\/\/mosgliwice.pl\/index.php?rest_route=\/wp\/v2\/pages"}],"about":[{"href":"https:\/\/mosgliwice.pl\/index.php?rest_route=\/wp\/v2\/types\/page"}],"author":[{"embeddable":true,"href":"https:\/\/mosgliwice.pl\/index.php?rest_route=\/wp\/v2\/users\/1"}],"replies":[{"embeddable":true,"href":"https:\/\/mosgliwice.pl\/index.php?rest_route=%2Fwp%2Fv2%2Fcomments&post=20"}],"version-history":[{"count":14,"href":"https:\/\/mosgliwice.pl\/index.php?rest_route=\/wp\/v2\/pages\/20\/revisions"}],"predecessor-version":[{"id":1860,"href":"https:\/\/mosgliwice.pl\/index.php?rest_route=\/wp\/v2\/pages\/20\/revisions\/1860"}],"wp:attachment":[{"href":"https:\/\/mosgliwice.pl\/index.php?rest_route=%2Fwp%2Fv2%2Fmedia&parent=20"}],"curies":[{"name":"wp","href":"https:\/\/api.w.org\/{rel}","templated":true}]}}