{"id":640,"date":"2018-09-16T18:45:09","date_gmt":"2018-09-16T18:45:09","guid":{"rendered":"http:\/\/mosgliwice.pl\/?page_id=640"},"modified":"2020-10-04T19:42:26","modified_gmt":"2020-10-04T19:42:26","slug":"zapowiedzi","status":"publish","type":"page","link":"https:\/\/mosgliwice.pl\/?page_id=640","title":{"rendered":"ZAPOWIEDZI"},"content":{"rendered":"<div class=\"_3_bl\">\n<div class=\"_5w1r _3_om _5wdf\">\n<div class=\"_4gx_\">\n<div>\n<p><strong>ZAPRASZAMY DO UDZIA\u0141U\u00a0<\/strong><br \/>\n<img loading=\"lazy\" decoding=\"async\" class=\"size-medium wp-image-1253 aligncenter\" src=\"https:\/\/mosgliwice.pl\/wp-content\/uploads\/2020\/10\/DzTM-300x225.jpg\" alt=\"\" width=\"300\" height=\"225\" srcset=\"https:\/\/mosgliwice.pl\/wp-content\/uploads\/2020\/10\/DzTM-300x225.jpg 300w, https:\/\/mosgliwice.pl\/wp-content\/uploads\/2020\/10\/DzTM-1024x768.jpg 1024w, https:\/\/mosgliwice.pl\/wp-content\/uploads\/2020\/10\/DzTM-768x576.jpg 768w, https:\/\/mosgliwice.pl\/wp-content\/uploads\/2020\/10\/DzTM-1536x1152.jpg 1536w, https:\/\/mosgliwice.pl\/wp-content\/uploads\/2020\/10\/DzTM-400x300.jpg 400w, https:\/\/mosgliwice.pl\/wp-content\/uploads\/2020\/10\/DzTM.jpg 1984w\" sizes=\"auto, (max-width: 300px) 100vw, 300px\" \/><\/p>\n<p><strong>KURS\u00a0PIERWSZEJ\u00a0POMOCY\u00a0PRZEDMEDYCZNEJ<\/strong><br \/>\nW dniu 22 pa\u017adziernika br. funkcjonariusze Stra\u017cy Miejskiej w Gliwicach przeprowadz\u0105 kurs pierwszej pomocy przedmedycznej.<br \/>\n<img loading=\"lazy\" decoding=\"async\" class=\" wp-image-895 aligncenter\" src=\"https:\/\/mosgliwice.pl\/wp-content\/uploads\/2019\/09\/pomoc-300x286.jpg\" alt=\"\" width=\"195\" height=\"186\" srcset=\"https:\/\/mosgliwice.pl\/wp-content\/uploads\/2019\/09\/pomoc-300x286.jpg 300w, https:\/\/mosgliwice.pl\/wp-content\/uploads\/2019\/09\/pomoc-768x732.jpg 768w, https:\/\/mosgliwice.pl\/wp-content\/uploads\/2019\/09\/pomoc-315x300.jpg 315w, https:\/\/mosgliwice.pl\/wp-content\/uploads\/2019\/09\/pomoc.jpg 800w\" sizes=\"auto, (max-width: 195px) 100vw, 195px\" \/><strong>DZIE\u0143\u00a0BEZ\u00a0SAMOCHODU\u00a02019<\/strong><br \/>\n23 wrze\u015bnia 2019 r., po raz kolejny, aktywnie w\u0142\u0105czymy si\u0119 w obchody Mi\u0119dzynarodowego Dnia bez Samochodu. W tym dniu min. zostan\u0105 przeprowadzone zaj\u0119cia ekologiczne dotycz\u0105ce zanieczyszczenia powietrza i niskiej emisji, konkurs wiedzy ekologicznej oraz akcja ulotkowa.<br \/>\n<img loading=\"lazy\" decoding=\"async\" class=\"size-medium wp-image-896 aligncenter\" src=\"https:\/\/mosgliwice.pl\/wp-content\/uploads\/2019\/09\/bez-samoch-300x172.jpg\" alt=\"\" width=\"300\" height=\"172\" srcset=\"https:\/\/mosgliwice.pl\/wp-content\/uploads\/2019\/09\/bez-samoch-300x172.jpg 300w, https:\/\/mosgliwice.pl\/wp-content\/uploads\/2019\/09\/bez-samoch-768x440.jpg 768w, https:\/\/mosgliwice.pl\/wp-content\/uploads\/2019\/09\/bez-samoch-500x287.jpg 500w, https:\/\/mosgliwice.pl\/wp-content\/uploads\/2019\/09\/bez-samoch.jpg 1020w\" sizes=\"auto, (max-width: 300px) 100vw, 300px\" \/><\/p>\n<\/div>\n<div><strong>WYCIECZKA DO MUZEUM PRL<br \/>\n<\/strong>29 maja br. wycieczka przedmiotowa klas 8 i 3 do Muzeum PRL &#8211; u w Rudzie \u015al\u0105skiej. Zdj\u0119cie pochodzi ze strony\u00a0http:\/\/www.muzeumprl-u.pl<br \/>\n<strong><img loading=\"lazy\" decoding=\"async\" class=\"size-medium wp-image-835 aligncenter\" src=\"https:\/\/mosgliwice.pl\/wp-content\/uploads\/2019\/05\/pokoj-300x165.jpg\" alt=\"\" width=\"300\" height=\"165\" srcset=\"https:\/\/mosgliwice.pl\/wp-content\/uploads\/2019\/05\/pokoj-300x165.jpg 300w, https:\/\/mosgliwice.pl\/wp-content\/uploads\/2019\/05\/pokoj-500x275.jpg 500w, https:\/\/mosgliwice.pl\/wp-content\/uploads\/2019\/05\/pokoj.jpg 640w\" sizes=\"auto, (max-width: 300px) 100vw, 300px\" \/><\/strong><\/div>\n<div class=\"_1aa6\"><span class=\"_5yl5\"><strong>MI\u0118DZYNARODOWY DZIE\u0143 PRAW CZ\u0141OWIEKA<br \/>\n<img loading=\"lazy\" decoding=\"async\" class=\"size-medium wp-image-765 aligncenter\" src=\"https:\/\/mosgliwice.pl\/wp-content\/uploads\/2018\/12\/47319688_1833756120086311_3357875259591098368_n-300x225.jpg\" alt=\"\" width=\"300\" height=\"225\" srcset=\"https:\/\/mosgliwice.pl\/wp-content\/uploads\/2018\/12\/47319688_1833756120086311_3357875259591098368_n-300x225.jpg 300w, https:\/\/mosgliwice.pl\/wp-content\/uploads\/2018\/12\/47319688_1833756120086311_3357875259591098368_n-768x576.jpg 768w, https:\/\/mosgliwice.pl\/wp-content\/uploads\/2018\/12\/47319688_1833756120086311_3357875259591098368_n-400x300.jpg 400w, https:\/\/mosgliwice.pl\/wp-content\/uploads\/2018\/12\/47319688_1833756120086311_3357875259591098368_n.jpg 941w\" sizes=\"auto, (max-width: 300px) 100vw, 300px\" \/><\/strong><\/span><strong><br \/>\nBIEG PO ZDROWIE\u00a0<\/strong><span class=\"_5mfr\"><span class=\"_6qdm\">&#x1f3c6;<\/span><\/span><span class=\"_5mfr\"><span class=\"_6qdm\">&#x1f385;<\/span><\/span><\/div>\n<\/div>\n<\/div>\n<\/div>\n<p><span class=\"_5mfr\"><span class=\"_6qdm\"><img loading=\"lazy\" decoding=\"async\" class=\"size-medium wp-image-764 aligncenter\" src=\"https:\/\/mosgliwice.pl\/wp-content\/uploads\/2018\/12\/47469074_211758403070480_4435238247827767296_n-169x300.jpg\" alt=\"\" width=\"169\" height=\"300\" srcset=\"https:\/\/mosgliwice.pl\/wp-content\/uploads\/2018\/12\/47469074_211758403070480_4435238247827767296_n-169x300.jpg 169w, https:\/\/mosgliwice.pl\/wp-content\/uploads\/2018\/12\/47469074_211758403070480_4435238247827767296_n.jpg 556w\" sizes=\"auto, (max-width: 169px) 100vw, 169px\" \/><\/span><\/span><\/p>\n<div class=\"_3x-2\" data-ft=\"{&quot;tn&quot;:&quot;H&quot;}\">\n<div data-ft=\"{&quot;tn&quot;:&quot;H&quot;}\">\n<div class=\"mtm\">\n<div>\n<div>\n<div class=\"_1ktf\" data-ft=\"{&quot;tn&quot;:&quot;E&quot;}\"><strong>RUSZY\u0141A AKCJA\u00a0<\/strong><strong>G\u00d3RA GROSZA 2018<\/strong><\/div>\n<\/div>\n<\/div>\n<\/div>\n<\/div>\n<\/div>\n<p>Przy\u0142\u0105cz si\u0119, bo warto pomaga\u0107!\u00a0<span class=\"_5mfr\"><span class=\"_6qdm\">&#x2764;<\/span><\/span><span class=\"_5mfr\"><span class=\"_6qdm\">&#x1f60a;<br \/>\n<img loading=\"lazy\" decoding=\"async\" class=\"size-medium wp-image-748 aligncenter\" src=\"https:\/\/mosgliwice.pl\/wp-content\/uploads\/2016\/03\/pagegg-300x300.jpg\" alt=\"\" width=\"300\" height=\"300\" srcset=\"https:\/\/mosgliwice.pl\/wp-content\/uploads\/2016\/03\/pagegg-300x300.jpg 300w, https:\/\/mosgliwice.pl\/wp-content\/uploads\/2016\/03\/pagegg-150x150.jpg 150w, https:\/\/mosgliwice.pl\/wp-content\/uploads\/2016\/03\/pagegg.jpg 404w\" sizes=\"auto, (max-width: 300px) 100vw, 300px\" \/><strong>9 LISTOPADA 2018 \u015aWI\u0118TUJEMY 100 &#8211; LECIE NIEPODLEG\u0141O\u015aCI<\/strong>\u00a0<img loading=\"lazy\" decoding=\"async\" class=\"_1ift _2560 img\" src=\"https:\/\/static.xx.fbcdn.net\/images\/emoji.php\/v9\/f79\/1.5\/16\/1f1f5_1f1f1.png\" alt=\"&#x1f1f5;&#x1f1f1;\" width=\"15\" height=\"15\" \/><\/span><\/span><br \/>\nW tym dniu odb\u0119dzie si\u0119 m.in. Szkolny Konkurs Wiedzy Patriotycznej, uroczysty apel oraz podsumowanie akcji &#8222;100 r\u00f3\u017c na 100-lecie Odzyskania Niepodleg\u0142o\u015bci&#8221;.<br \/>\nDo wsp\u00f3lnego \u015bwi\u0119towania zapraszamy wszystkich naszych uczni\u00f3w oraz pracownik\u00f3w plac\u00f3wki <img loading=\"lazy\" decoding=\"async\" class=\"_1ift _2560 img\" src=\"https:\/\/static.xx.fbcdn.net\/images\/emoji.php\/v9\/f79\/1.5\/16\/1f1f5_1f1f1.png\" alt=\"&#x1f1f5;&#x1f1f1;\" width=\"15\" height=\"15\" \/><img loading=\"lazy\" decoding=\"async\" class=\"_1ift _2560 img\" src=\"https:\/\/static.xx.fbcdn.net\/images\/emoji.php\/v9\/f79\/1.5\/16\/1f1f5_1f1f1.png\" alt=\"&#x1f1f5;&#x1f1f1;\" width=\"15\" height=\"15\" \/><img loading=\"lazy\" decoding=\"async\" class=\"_1ift _2560 img\" src=\"https:\/\/static.xx.fbcdn.net\/images\/emoji.php\/v9\/f79\/1.5\/16\/1f1f5_1f1f1.png\" alt=\"&#x1f1f5;&#x1f1f1;\" width=\"15\" height=\"15\" \/><\/p>\n<p><strong><img loading=\"lazy\" decoding=\"async\" class=\"size-medium wp-image-723 aligncenter\" src=\"https:\/\/mosgliwice.pl\/wp-content\/uploads\/2018\/11\/100-lat-300x139.jpg\" alt=\"\" width=\"300\" height=\"139\" srcset=\"https:\/\/mosgliwice.pl\/wp-content\/uploads\/2018\/11\/100-lat-300x139.jpg 300w, https:\/\/mosgliwice.pl\/wp-content\/uploads\/2018\/11\/100-lat-500x231.jpg 500w, https:\/\/mosgliwice.pl\/wp-content\/uploads\/2018\/11\/100-lat.jpg 675w\" sizes=\"auto, (max-width: 300px) 100vw, 300px\" \/>26 PA\u0179DZIERNIKA\u00a0<\/strong><br \/>\nO godz. 9.00 Szkolny etap Eko Turnieju o Puchar Prezydenta Miasta Gliwice<\/p>\n<p><strong>1 PA\u0179DZIERNIKA OG\u00d3LNOPOLSKI DZIE\u0143 TORNISTRA<br \/>\n<\/strong>Nasza plac\u00f3wka aktywnie w\u0142\u0105czy si\u0119 w projekt edukacyjny MEN. W ramach akcji odb\u0119d\u0105 si\u0119 pogadanki z naszymi wychowankami oraz wybierzemy najlepiej spakowany plecak do szko\u0142y <img decoding=\"async\" class=\"_1ift _2560 img\" src=\"https:\/\/static.xx.fbcdn.net\/images\/emoji.php\/v9\/f7a\/1.5\/16\/1f4d9.png\" alt=\"&#x1f4d9;\" \/><img decoding=\"async\" class=\"_1ift _2560 img\" src=\"https:\/\/static.xx.fbcdn.net\/images\/emoji.php\/v9\/f37\/1.5\/16\/2702.png\" alt=\"&#x2702;\" \/><img decoding=\"async\" class=\"_1ift _2560 img\" src=\"https:\/\/static.xx.fbcdn.net\/images\/emoji.php\/v9\/fd6\/1.5\/16\/2712.png\" alt=\"&#x2712;\" \/><\/p>\n<p><img loading=\"lazy\" decoding=\"async\" class=\"size-medium wp-image-672 aligncenter\" src=\"https:\/\/mosgliwice.pl\/wp-content\/uploads\/2018\/10\/stationery-2703781_1920-300x172.jpg\" alt=\"\" width=\"300\" height=\"172\" srcset=\"https:\/\/mosgliwice.pl\/wp-content\/uploads\/2018\/10\/stationery-2703781_1920-300x172.jpg 300w, https:\/\/mosgliwice.pl\/wp-content\/uploads\/2018\/10\/stationery-2703781_1920-768x440.jpg 768w, https:\/\/mosgliwice.pl\/wp-content\/uploads\/2018\/10\/stationery-2703781_1920-1024x586.jpg 1024w, https:\/\/mosgliwice.pl\/wp-content\/uploads\/2018\/10\/stationery-2703781_1920-500x286.jpg 500w, https:\/\/mosgliwice.pl\/wp-content\/uploads\/2018\/10\/stationery-2703781_1920.jpg 1920w\" sizes=\"auto, (max-width: 300px) 100vw, 300px\" \/><\/p>\n<p><strong>KURS PIERWSZEJ POMOCY PRZEDMEDYCZNEJ<br \/>\n<\/strong>W dniu 27 listopada br. funkcjonariusze Stra\u017cy Miejskiej w Gliwicach przeprowadz\u0105<br \/>\nz naszymi uczniami kurs pierwszej pomocy przedmedycznej.<br \/>\n<img loading=\"lazy\" decoding=\"async\" class=\"size-medium wp-image-664 aligncenter\" src=\"https:\/\/mosgliwice.pl\/wp-content\/uploads\/2018\/09\/PP-300x225.jpg\" alt=\"\" width=\"300\" height=\"225\" srcset=\"https:\/\/mosgliwice.pl\/wp-content\/uploads\/2018\/09\/PP-300x225.jpg 300w, https:\/\/mosgliwice.pl\/wp-content\/uploads\/2018\/09\/PP-768x576.jpg 768w, https:\/\/mosgliwice.pl\/wp-content\/uploads\/2018\/09\/PP-400x300.jpg 400w, https:\/\/mosgliwice.pl\/wp-content\/uploads\/2018\/09\/PP.jpg 960w\" sizes=\"auto, (max-width: 300px) 100vw, 300px\" \/><strong>ZAPRASZAMY DO GRY<\/strong><br \/>\nW dniu 1 pa\u017adziernika 2018 r., dla upami\u0119tnienia 100- lecia Niepodleg\u0142o\u015bci Polski, wyruszaj\u0105 na gr\u0119 terenow\u0105 pierwsze grupy Naszych uczni\u00f3w.<br \/>\nGra zosta\u0142a skonstruowana przez nauczyciela M\u0142odzie\u017cowego O\u015brodka Socjoterapii w Gliwicach (kt\u00f3ry mieszka w Rudzie \u015al\u0105skiej).<br \/>\nFabu\u0142a osadzona zosta\u0142a w okresie intensywnych walk przygranicznych w rejonie tytu\u0142owego Wzg\u00f3rza 319 (Czarny Las\/ Nowy Bytom\/ Ruda 1).Zosta\u0142a\u00a0napisana na urz\u0105dzenia mobilne (smartfony, tablety) z systemem Android i IOS. Wymagany dost\u0119p do internetu, GPS-u.<br \/>\nNajpierw nale\u017cy ze sklepu Google Play pobra\u0107 apikacj\u0119 Actionbound, a p\u00f3\u017aniej wyszuka\u0107 i pobra\u0107 gr\u0119 &#8222;Wzg\u00f3rze 319&#8221;.<br \/>\n<a href=\"https:\/\/en.actionbound.com\/bound\/wzgorze319\" target=\"_blank\" rel=\"noopener noreferrer\">https:\/\/en.actionbound.com\/bound\/wzgorze319<br \/>\n<\/a>\u017byczymy uczestnikom\u00a0powodzenia.<br \/>\nUwaga\u00a0uczestnicy!<br \/>\nWarto przebra\u0107 si\u0119 w ubrania terenowe\/wojskowe z demobilu:)by wczu\u0107 si\u0119 w rol\u0119 sprzed 79 lat.<\/p>\n<p><strong>DZIE\u0143 BEZ SAMOCHODU<\/strong><br \/>\n22 wrze\u015bnia 2018 r., po raz kolejny, aktywnie w\u0142\u0105czamy si\u0119 w obchody Mi\u0119dzynarodowego Dnia bez Samochodu. &#x1f699;&#x1f699;&#x1f699;<br \/>\n<img loading=\"lazy\" decoding=\"async\" class=\"size-medium wp-image-656 aligncenter\" src=\"https:\/\/mosgliwice.pl\/wp-content\/uploads\/2018\/09\/41991326_304856660310140_8931816518497337344_n-300x248.jpg\" alt=\"\" width=\"300\" height=\"248\" srcset=\"https:\/\/mosgliwice.pl\/wp-content\/uploads\/2018\/09\/41991326_304856660310140_8931816518497337344_n-300x248.jpg 300w, https:\/\/mosgliwice.pl\/wp-content\/uploads\/2018\/09\/41991326_304856660310140_8931816518497337344_n-768x634.jpg 768w, https:\/\/mosgliwice.pl\/wp-content\/uploads\/2018\/09\/41991326_304856660310140_8931816518497337344_n-1024x845.jpg 1024w, https:\/\/mosgliwice.pl\/wp-content\/uploads\/2018\/09\/41991326_304856660310140_8931816518497337344_n-363x300.jpg 363w, https:\/\/mosgliwice.pl\/wp-content\/uploads\/2018\/09\/41991326_304856660310140_8931816518497337344_n.jpg 1386w\" sizes=\"auto, (max-width: 300px) 100vw, 300px\" \/><strong>DZIE\u0143 KROPKI<br \/>\n<\/strong>Zapraszamy na obchody. U nas 18 wrze\u015bnia!<br \/>\n<img loading=\"lazy\" decoding=\"async\" class=\"size-medium wp-image-649 aligncenter\" src=\"https:\/\/mosgliwice.pl\/wp-content\/uploads\/2018\/09\/dzienkropki-300x201.jpg\" alt=\"\" width=\"300\" height=\"201\" srcset=\"https:\/\/mosgliwice.pl\/wp-content\/uploads\/2018\/09\/dzienkropki-300x201.jpg 300w, https:\/\/mosgliwice.pl\/wp-content\/uploads\/2018\/09\/dzienkropki-768x514.jpg 768w, https:\/\/mosgliwice.pl\/wp-content\/uploads\/2018\/09\/dzienkropki-449x300.jpg 449w, https:\/\/mosgliwice.pl\/wp-content\/uploads\/2018\/09\/dzienkropki.jpg 800w\" sizes=\"auto, (max-width: 300px) 100vw, 300px\" \/><\/p>\n","protected":false},"excerpt":{"rendered":"<p>ZAPRASZAMY DO UDZIA\u0141U\u00a0 KURS\u00a0PIERWSZEJ\u00a0POMOCY\u00a0PRZEDMEDYCZNEJ W dniu 22 pa\u017adziernika br. funkcjonariusze Stra\u017cy Miejskiej w Gliwicach przeprowadz\u0105 kurs pierwszej pomocy przedmedycznej. DZIE\u0143\u00a0BEZ\u00a0SAMOCHODU\u00a02019 23 wrze\u015bnia 2019 r., po raz kolejny, aktywnie w\u0142\u0105czymy si\u0119 w obchody Mi\u0119dzynarodowego Dnia bez Samochodu. W tym dniu min. &hellip; <a href=\"https:\/\/mosgliwice.pl\/?page_id=640\">Czytaj dalej <span class=\"meta-nav\">&rarr;<\/span><\/a><\/p>\n","protected":false},"author":1,"featured_media":0,"parent":0,"menu_order":0,"comment_status":"closed","ping_status":"closed","template":"","meta":{"footnotes":""},"class_list":["post-640","page","type-page","status-publish","hentry"],"_links":{"self":[{"href":"https:\/\/mosgliwice.pl\/index.php?rest_route=\/wp\/v2\/pages\/640","targetHints":{"allow":["GET"]}}],"collection":[{"href":"https:\/\/mosgliwice.pl\/index.php?rest_route=\/wp\/v2\/pages"}],"about":[{"href":"https:\/\/mosgliwice.pl\/index.php?rest_route=\/wp\/v2\/types\/page"}],"author":[{"embeddable":true,"href":"https:\/\/mosgliwice.pl\/index.php?rest_route=\/wp\/v2\/users\/1"}],"replies":[{"embeddable":true,"href":"https:\/\/mosgliwice.pl\/index.php?rest_route=%2Fwp%2Fv2%2Fcomments&post=640"}],"version-history":[{"count":18,"href":"https:\/\/mosgliwice.pl\/index.php?rest_route=\/wp\/v2\/pages\/640\/revisions"}],"predecessor-version":[{"id":1254,"href":"https:\/\/mosgliwice.pl\/index.php?rest_route=\/wp\/v2\/pages\/640\/revisions\/1254"}],"wp:attachment":[{"href":"https:\/\/mosgliwice.pl\/index.php?rest_route=%2Fwp%2Fv2%2Fmedia&parent=640"}],"curies":[{"name":"wp","href":"https:\/\/api.w.org\/{rel}","templated":true}]}}